06527
Convert 364676 (base 11) to base 4.
2030321230
dbb12 (base 14) to base 6
15221512
What is 83a8 (base 13) in base 5?
1040341
-11030221 (base 4) to base 10
-21289
What is 7d5a (base 16) in base 2?
111110101011010
What is 18c2d9 (base 15) in base 10?
1205529
16646411 (base 9) to base 7
131014012
What is 221022002001 (base 3) in base 7?
4142533
Convert -8452 (base 9) to base 13.
-2a92
What is 100000101001110100010010 (base 2) in base 9?
17085858
Convert -819602 (base 11) to base 3.
-2110211212201
-39d89 (base 15) to base 10
-185304
What is -1226863 (base 9) in base 13?
-1a4c18
Convert 1429514 (base 12) to base 5.
2013222242
5568925 (base 10) to base 8
25174635
-110210010010 (base 3) to base 4
-331123011
-722232 (base 9) to base 15
-86cae
Convert -8a6314 (base 15) to base 4.
-121023313102
What is -33301102 (base 4) in base 5?
-4031334
Convert 6271063 (base 8) to base 9.
3121507
What is 10128703 (base 9) in base 5?
2221032132
What is 304826 (base 12) in base 5?
143121330
Convert 5921c7 (base 13) to base 5.
1020240430
-74fa (base 16) to base 11
-20554
Convert 6638605 (base 9) to base 13.
97c604
What is 154640432 (base 7) in base 10?
10463777
Convert -236357 (base 8) to base 16.
-13cef
What is -100011110100010101001 (base 2) in base 5?
-300024143
-4531020 (base 7) to base 14
-108c47
What is -871715 (base 9) in base 11?
-325450
What is 11312311310 (base 4) in base 3?
2220000002202
201232030 (base 4) to base 8
415614
Convert 44a760 (base 12) to base 16.
10bbb8
Convert 14490 (base 16) to base 7.
464145
-1000110020201 (base 3) to base 8
-2037322
What is -1253487 (base 9) in base 16?
-a7386
Convert -5623433 (base 7) to base 3.
-1022022112212
Convert -1406734 (base 8) to base 6.
-12300512
-10100001001100101100001 (base 2) to base 4
-110021211201
What is -303550050 (base 6) in base 9?
-10742233
240560 (base 9) to base 16
235a1
240508 (base 9) to base 5
14113010
What is -11414300041 (base 5) in base 15?
-12a4981
Convert -64ca1 (base 14) to base 5.
-30301330
278901 (base 12) to base 10
657937
-32993a (base 14) to base 9
-3206023
What is 3511141 (base 6) in base 8?
540305
What is -315000031 (base 6) in base 11?
-31523a9
What is 110111100100101111 (base 2) in base 16?
3792f
Convert 7b8d9 (base 15) to base 4.
1200010200
-323440052 (base 6) to base 16
-581ea0
What is -111001111110101101101 (base 2) in base 7?
-22102011
-3563707 (base 9) to base 2
-111010111100110101111
What is 198779 (base 10) in base 16?
3087b
What is 100233212 (base 4) in base 8?
205746
What is -83297 (base 10) in base 9?
-136232
What is 2001021200 (base 3) in base 9?
61250
210244140 (base 5) to base 11
543710
Convert -2b19b (base 16) to base 11.
-110700
What is 2a938 (base 14) in base 6?
2135050
What is 1201011221 (base 3) in base 4?
20032003
Convert -10322312230 (base 4) to base 6.
-43350324
What is -4336526 (base 9) in base 11?
-134a676
Convert -115d6 (base 15) to base 12.
-28026
What is -33b7c (base 15) in base 6?
-3310000
What is 286842 (base 11) in base 3?
211202212010
Convert -19fae (base 16) to base 13.
-39589
Convert 1010213 (base 7) to base 6.
2324142
What is 175025 (base 12) in base 6?
12344045
What is -5355231 (base 6) in base 5?
-31424014
Convert 3eac (base 15) to base 7.
54114
Convert 10505061 (base 7) to base 4.
3132000120
What is 14525021 (base 6) in base 13?
14a976
1903a (base 11) to base 5
1323123
Convert -28b95 (base 13) to base 8.
-225607
-3601325 (base 7) to base 16
-6ee9a
What is -1455733 (base 15) in base 14?
-1d490a0
What is 442312113 (base 5) in base 2?
111010011111001110101
What is -3012534 (base 6) in base 5?
-14020043
Convert -1102330 (base 10) to base 5.
-240233310
Convert 2321c (base 16) to base 14.
3a628
Convert 186065a (base 12) to base 3.
100121012121121
What is 2624a (base 14) in base 12?
4630a
What is -10001000101110100 (base 2) in base 10?
-70004
What is 1431324134 (base 5) in base 10?
3776794
What is 12033232 (base 5) in base 4?
123101030
What is -3333553 (base 6) in base 14?
-45353
What is 626876 (base 9) in base 11?
234963
Convert 12352415 (base 7) to base 11.
6a7107
What is 614502 (base 11) in base 8?
3607376
Convert 1804a20 (base 12) to base 3.
100101021011020
What is -3bd63 (base 16) in base 3?
-110110012110
What is 5817731 (base 9) in base 16?
2ff0e0
What is -40410442 (base 5) in base 6?
-10552031
28108a1 (base 11) to base 10
4847250
Convert 15849 (base 11) to base 8.
53455
Convert -6d954 (base 14) to base 16.
-416e6
10442441 (base 5) to base 16
16d38
-302222444 (base 5) to base 11
-757929
What is 255441661 (base 7) in base 11?
9232288
What is 116a87 (base 12) in base 3?
112022010011
211010110111 (base 3) to base 10
435550
Convert -6a6d (base 14) to base 6.
-221425
Convert -42514 (base 6) to base 14.
-218a
12605 (base 13) to base 6
421142
2222010220120 (base 3) to base 15
212610
1dd469 (base 14) to base 16
106275
-274541 (base 11) to base 12
-189203
63474 (base 14) to base 8
723776
What is 101110101011111111011 (base 2) in base 11?
955444
What is 10122343 (base 5) in base 2?
10100001110100000
Convert -2077141 (base 9) to base 12.
-45883a
What is -334403 (base 11) in base 5?
-114023022
What is aa7e (base 15) in base 8?
106427
What is 719714 (base 13) in base 2?
1010000110101000001001
-776168 (base 15) to base 6
-321545125
33152716 (base 8) to base 15
95d582
147126 (base 8) to base 7
310000
Convert -6030a (base 13) to base 4.
-221331223
Convert 3105315 (base 6) to base 15.
2e1e8
What is -14442144303 (base 5) in base 11?
-10002618
Convert 1427714 (base 9) to base 3.
1110221210111
Convert 4030521 (base 6) to base 4.
232203301
What is -1201326 (base 7) in base 13?
-5410b
Convert -5632352 (base 9) to base 16.
-2e4762
Convert -260a42 (base 15) to base 5.
-431343222
1241353 (base 6) to base 9
112836
-5118aa (base 12) to base 10
-1267906
158180 (base 9) to base 16
17e2f
What is 103720 (base 12) in base 8?
762110
What is -2119024 (base 10) in base 3?
-10222122202101
What is -414a0a (base 14) in base 10?
-2202658
What is 15326 (base 10) in base 9?
23018
341413334 (base 5) to base 8
5614172
-30b92 (base 16) to base 11
-126a38
434340400 (base 6) to base 16
769d70
Convert 135426 (base 9) to base 6.
1434553
Convert -150814 (base 9) to base 7.
-533503
-423401 (base 5) to base 2
-11011110010010
14488064 (base 9) to base 16
6de9eb
What is 12122100112 (base 3) in base 14?
2c693
72731 (base 11) to base 10
106030
6b5ca (base 13) to base 5
22242134
Convert -124321001 (base 5) to base 14.
-121dca
110537 (base 9) to base 5
4103144
What is -222122112010 (base 3) in base 14?
-d9228
1137627 (base 9) to base 8
2262553
-2619096 (base 10) to base 5
-1132302341
What is 103030202 (base 5) in base 13?
125021
1260554 (base 10) to base 4
10303300022
What is 605623 (base 8) in base 14?
52a31
What is 4387686 (base 9) in base 13?
6488a6
e3a0ab (base 15) to base 11
6118aaa
What is 769915 (base 12) in base 6?
104210025
Convert -212202012121 (base 3) to base 11.
-29a216
Convert -10400131103 (base 5) to base 8.
-53167236
What is 518293 (base 11) in base 13?
231266
Convert -1185c07 (base 14) to base 16.
-80086f
What is -123111303 (base 4) in base 10?
-111987
Convert 11111101011100111 (base 2) to base 13.
470b1
Convert -40a11 (base 13) to base 14.
-30380
What is -1101000001100111 (base 2) in base 9?
-81158
-212444 (base 8) to base 5
-4232243
-122625120 (base 7) to base 6
-434112543
-4240232 (base 7) to base 3
-222002222122
Convert 86882 (base 9) to base 4.
32003300
Convert 200125524 (base 7) to base 11.
658109a
-2db93 (base 14) to base 4
-130001211
Convert 520235523 (base 6) to base 3.
121220011102020
Convert 88635 (base 9) to base 12.
2a072
Convert 2104432003 (base 5) to base 9.
8206003
Convert -1532521 (base 6) to base 12.
-44141
Convert 80888 (base 13) to base 12.
b10a8
Convert -116206 (base 12) to base 3.
-112020101220
-10011211231 (base 4) to base 7
-12051550
127874 (base 12) to base 5
34204030
Convert b773e4 (base 15) to base 2.
100001010011110101101110
-627223 (base 9) to base 10
-372702
What is 1024172 (base 12) in base 3?
12201011200112
Convert 2382162 (base 9) to base 8.
4737440
-5ab95 (base 13) to base 11
-104317
-106503214 (base 7) to base 12
-2241aa4
1c818 (base 14) to base 13
27274
Convert -26552aa (base 11) to base 7.
-54003622
Convert 434443202 (base 5) to base 10.
1874